6. What is the greatest common factor of n and 18?
2
Suppose 2*i - 32 = 2*s, -5*s - 11 = 2*i - 8. Suppose -4*r + 0*j = -4*j - 80, -4*j = -5*r + 102. Calculate the greatest common factor of r and i.
11
Let k be ((-17)/(-3))/((-23)/(-69)). Calculate the highest common divisor of k and 323.
17
Suppose -j - 2*j = c - 1625, 3*c = -3*j + 1635. What is the highest common factor of 30 and j?
30
Let c = -102 - 50. Let u = -143 - c. What is the highest common factor of 9 and u?
9
Let j be 109/7 - (-12)/28. Let m(z) = 4*z**2 - z. Let a be m(-1). Suppose 2*i + a*w = 41, 4*i + 0*w - 37 = -w. Calculate the highest common divisor of i and j.
8
Suppose 0 = -l - 2*l + 141. Let u(j) = -j**3 - 2*j**2 - 10. Let r be u(-7). What is the greatest common factor of r and l?
47
Let h = -637 - -1204. Suppose 27 = -5*n + h. What is the greatest common divisor of n and 36?
36
Suppose 247 = 2*d - 369. Suppose -53*g = -99*g + 2024. Calculate the highest common factor of g and d.
44
Let d(k) = -k**3 - 5*k**2 + 3*k - 9. Let q be d(-7). Suppose -q + 56 = -2*r. Calculate the greatest common divisor of r and 8.
2
Suppose -6*l - 49 = -7*l. Let d = l - 40. What is the highest common divisor of 54 and d?
9
Let f = 377 - 373. What is the highest common factor of f and 82?
2
Suppose 90*o = 88*o - 3*f + 51, -o + 5*f + 58 = 0. Let s = 8 - 5. Calculate the greatest common divisor of s and o.
3
Let v = -7 + 6. Let l be v/(3/6*-1). Suppose 0 = -12*f + 7*f + 25. Calculate the greatest common factor of f and l.
1
Let f(g) = 6*g**2 + 10*g - 3. Let c be f(-5). Let k = c - 53. Calculate the greatest common divisor of k and 396.
44
Suppose -2*w + 4108 = -5*i, 24*w - 21*w - 6112 = -5*i. Calculate the highest common divisor of w and 73.
73
Suppose -5*l + 12*l - 3626 = 0. What is the highest common divisor of l and 28?
14
Let c be (11/(44/630))/(3/4). What is the greatest common factor of 30 and c?
30
Suppose -5*c = -53 - 57. Let m be 326/22 - c/(-121). Let n = m + 3. Calculate the greatest common divisor of n and 27.
9
Suppose 22 + 44 = 3*x. Let s = 941 + -419. Let f = -302 + s. What is the highest common divisor of x and f?
22
Suppose -3*o = -137 + 56. Suppose 5*m + 4*i - 14 = 0, 3*m + 0*m + 4*i = 10. Suppose 0 = m*k + 3*k - 15. What is the greatest common factor of o and k?
3
Let g = 116 + -67. Suppose 3*p - 5 = i, 5*p + i = 6*i + 5. Suppose d - 3*l = 1, -3*d + p*l + 3*l = -11. Calculate the greatest common divisor of g and d.
7
Let c = 2 + 0. Let w be ((-21)/c)/(1/(-2)). Let u(v) = v**3 + 20*v**2 + 60*v - 57. Let h be u(-15). What is the greatest common factor of h and w?
21
Let u be (55 + -72)*(-2 + 1). Calculate the greatest common divisor of 17 and u.
17
Suppose -1607*m - 450 = -1616*m. Calculate the highest common divisor of m and 425.
25
Let m(i) be the second derivative of -i**5/20 - i**4/4 + 5*i**3/3 + 15*i**2/2 + 6*i. Let u be m(-6). What is the highest common factor of u and 7?
7
Let v = -30 + 38. Suppose -3*j = -v*j. Suppose -p - 5 + 70 = j. What is the greatest common divisor of p and 13?
13
Let u be 25 + -33 - (0 + -82). What is the greatest common divisor of u and 999?
37
Let n(z) = -z**2 + 2*z + 5. Let v be n(3). Let l be (40/(3 - 1))/2. Suppose w - l = -c - w, -3*w - 27 = -v*c. What is the greatest common factor of 36 and c?
12
Suppose -273 = -3*v - 57. Calculate the greatest common factor of v and 162.
18
Let h(j) = 41*j**2 - j - 6. Let a be h(-2). What is the highest common divisor of 20 and a?
20
Suppose 5*k - 136 - 124 = 0. Suppose -5*a = -i - 0*a + 13, k = 4*i + 3*a. What is the greatest common factor of 13 and i?
13
Let b = 31 + -27. Suppose 2*o - b + 36 = 2*k, -3*o = -12. Calculate the greatest common divisor of k and 4.
4
Suppose 0 = 50*v - 55*v + 200. What is the highest common factor of 20 and v?
20
Let s = -4 + 5. Let g(w) = -1 - 2 + 496*w - 383*w. Let h be g(s). Calculate the greatest common factor of 22 and h.
22
Suppose -49 = -p - 2*p - r, 75 = 5*p - 5*r. Let k be ((-1)/(-2))/(5/1280). Calculate the highest common divisor of p and k.
16
Let y = -897 + 977. Calculate the highest common divisor of 96 and y.
16
Let v be 8/(-10)*2*5. Let g(p) = -p**3 - 7*p**2 + 6*p + 11. Let a be g(v). Suppose -180 = -5*w + 495. Calculate the highest common factor of w and a.
27
Let z = -491 + 505. What is the highest common factor of z and 98?
14
Let x = -437 - -659. What is the greatest common factor of 2 and x?
2
Let q = -106 + 124. Calculate the greatest common factor of q and 162.
18
Let d be (6 - 3) + (-837)/3. Let v be ((-6)/8)/(3/d). Calculate the highest common divisor of 46 and v.
23
Suppose -2 - 58 = -5*z. Let m = -3 - -64. Let t = m - 13. Calculate the greatest common factor of z and t.
12
Suppose 68 - 14 = s. Suppose -4*y - 11 = -27. Let p be (y/(-8))/((-2)/24). What is the highest common factor of p and s?
6
Suppose -10*r - 4 = -12*r. Suppose -r*i + 6 = -3*g + 21, 5*g - 5*i = 30. Calculate the greatest common factor of 30 and g.
3
Suppose 5*q = -4*n + n + 35, 3*q - 4*n + 8 = 0. Let r be 35 + q/10 + (-17)/5. What is the highest common factor of 80 and r?
16
Suppose -2*y + p + 26 = 0, 2*y - 14 - 28 = -3*p. Let v = 72 + 3. Calculate the greatest common divisor of v and y.
15
Let z(f) = 6*f - 2 - 8*f**2 + 3*f - f + 3 - f**3. Let u be z(-9). Let q be (-1100)/8*(3/15 + -1). Calculate the highest common factor of u and q.
10
Let c(v) = -v**2 + 11*v - 14. Let l be c(10). Let m = l - -4. Suppose -3*b + m*b + 72 = 0. Calculate the highest common divisor of b and 12.
12
Let v be 5 + -15 + 4 - (2 + -58). What is the greatest common divisor of v and 1450?
50
Suppose 41 - 37 = 2*a. Suppose 4*z - 3*n = -0*z + 34, -4*z = 2*n - 44. Calculate the highest common factor of a and z.
2
Suppose 4*x = 5*x - 4. Suppose v + 12 = -3*v + x*n, -2*v = -3*n + 11. Suppose -4*r - 28 + 92 = 0. Calculate the highest common factor of v and r.
2
Let l(q) = -q**3 - 8*q**2 - 2*q + 2. Let n be l(-8). Let s(v) = 91*v - 1. Let r be s(1). What is the highest common divisor of r and n?
18
Let j(q) = -q**2 - 5*q - 4. Let n be j(-2). Suppose n*z + 14 = 5*z + 5*f, -5*z = -4*f - 48. Calculate the highest common divisor of z and 48.
8
Let a be 19 + -1 + (0 - 0). Suppose -15 = -3*n, 9*n - 5*n - 290 = -5*u. What is the highest common factor of a and u?
18
Let k(q) = 6*q - 3. Let x be k(3). Suppose m = -5 + x. Suppose 4*o - 30 = 2*o. What is the highest common factor of m and o?
5
Let w be 6*(2 - (-13)/2). Suppose 0*b = -4*b - d + 136, 3*b = d + 102. What is the greatest common factor of b and w?
17
Let w(j) = -37*j - 41. Let a be w(-3). Suppose 4*n = 4*r + 688, -3*n - r = -387 - 141. Calculate the highest common divisor of n and a.
35
Let z = 242 + -122. Let f = -6 - -16. What is the greatest common factor of f and z?
10
Suppose -2*c + 7 = -1. Suppose 47 = 28*k - 65. What is the highest common factor of c and k?
4
Suppose 5*h + 2*f = 47, -4*f = -4 - 0. Suppose 0 = -2*r + h + 7. Suppose 16*v + 112 = 23*v. Calculate the highest common divisor of r and v.
8
Let q = 105 - 102. Suppose 2*r - 3 = r. Suppose 5*v - 105 = -r*a + 51, 45 = v - 4*a. What is the highest common factor of v and q?
3
Suppose -80 = -3*a + w + 3*w, -4*a - 5*w + 117 = 0. Suppose -5*f = -f - a. What is the greatest common divisor of f and 21?
7
Let q = -119 - -129. Suppose -2*u = -3*w + w + 138, -u = -3*w + 209. Calculate the highest common factor of q and w.
10
Let c be 80/(-440) + (-420)/(-11). Calculate the greatest common divisor of 95 and c.
19
Suppose -t - 2*t - 96 = 0. Let i = t + 53. Calculate the highest common factor of i and 42.
21
Let c(v) = 154*v**3 - 1. Let w be c(1). Suppose -2*f = 10 - 16. Suppose i + 2*i - f*g = 42, i = -5*g + 32. Calculate the greatest common factor of w and i.
17
Suppose -4*s + 30 + 18 = 3*b, -2*s = -2*b - 24. Suppose 3*j + 0*n + n - 34 = 0, -70 = -5*j + 5*n. What is the highest common factor of j and s?
12
Let k be 4/1*-1 + (-3 - -115). Calculate the greatest common factor of k and 270.
54
Let h = -1 - -9. Let d be ((-84)/h)/(1/(-4)). Suppose 57*j - 634 = 563. Calculate the highest common factor of d and j.
21
Let k = -439 + 648. What is the greatest common divisor of k and 133?
19
Suppose -3*j - 4*w - 1 = -12, 0 = -2*j - 3*w + 6. Suppose 20*u = 218 + 162. Let t = u - j. What is the greatest common factor of t and 50